76741998 is divided by 9.
7
What is the remainder when 140341 is divided by 590?
511
Calculate the remainder when 94289463 is divided by 23.
20
What is the remainder when 317825 is divided by 63539?
130
Calculate the remainder when 4561227 is divided by 433.
5
What is the remainder when 1104059 is divided by 5254?
719
What is the remainder when 4074282 is divided by 1644?
450
Calculate the remainder when 300327 is divided by 139.
87
What is the remainder when 533672 is divided by 24125?
2922
Calculate the remainder when 60015596 is divided by 270.
266
Calculate the remainder when 7652264 is divided by 505.
504
Calculate the remainder when 236069 is divided by 4454.
7
Calculate the remainder when 936032 is divided by 6076.
328
What is the remainder when 19232393 is divided by 243448?
1
What is the remainder when 179886 is divided by 17957?
316
What is the remainder when 152769 is divided by 830?
49
What is the remainder when 1154519 is divided by 20?
19
What is the remainder when 9196 is divided by 4235?
726
Calculate the remainder when 2820217173 is divided by 4676.
4673
Calculate the remainder when 325974 is divided by 21236.
7434
What is the remainder when 621832 is divided by 1539?
76
What is the remainder when 3396665 is divided by 44?
41
Calculate the remainder when 25939 is divided by 8555.
274
What is the remainder when 482214 is divided by 3885?
474
Calculate the remainder when 17108 is divided by 16935.
173
What is the remainder when 729343 is divided by 364162?
1019
Calculate the remainder when 315794 is divided by 309.
305
Calculate the remainder when 245314 is divided by 1949.
1689
Calculate the remainder when 4578 is divided by 4531.
47
What is the remainder when 435941 is divided by 2849?
44
What is the remainder when 553997 is divided by 25?
22
Calculate the remainder when 11321546 is divided by 16.
10
What is the remainder when 1076633 is divided by 82817?
12
Calculate the remainder when 166876269 is divided by 355.
354
Calculate the remainder when 2509208 is divided by 1968.
8
What is the remainder when 3411460 is divided by 2316?
2308
What is the remainder when 5318926 is divided by 5318919?
7
What is the remainder when 7151576 is divided by 1936?
1928
Calculate the remainder when 4910958 is divided by 1987.
1081
Calculate the remainder when 243600783 is divided by 4981.
4978
Calculate the remainder when 1313373 is divided by 228.
93
Calculate the remainder when 8550666 is divided by 908.
30
What is the remainder when 12185292 is divided by 3046321?
8
Calculate the remainder when 223326 is divided by 20296.
70
Calculate the remainder when 2571601 is divided by 406.
403
What is the remainder when 24552 is divided by 1714?
556
What is the remainder when 594281 is divided by 9004?
17
Calculate the remainder when 1557332 is divided by 1859.
1349
Calculate the remainder when 44281879 is divided by 3.
1
What is the remainder when 2856599 is divided by 600?
599
What is the remainder when 501366 is divided by 71566?
404
Calculate the remainder when 226846 is divided by 75610.
16
Calculate the remainder when 13548880 is divided by 4516266.
82
What is the remainder when 861213 is divided by 2108?
1149
What is the remainder when 5029179 is divided by 147914?
103
Calculate the remainder when 70677 is divided by 2473.
1433
Calculate the remainder when 1192980 is divided by 2501.
3
Calculate the remainder when 7155549 is divided by 19658.
37
Calculate the remainder when 46556427 is divided by 24.
3
What is the remainder when 740664 is divided by 3011?
2969
What is the remainder when 97292401 is divided by 578?
551
What is the remainder when 22469 is divided by 5562?
221
Calculate the remainder when 30044674 is divided by 161.
142
What is the remainder when 4164323 is divided by 797?
795
Calculate the remainder when 2536088 is divided by 2664.
2624
Calculate the remainder when 4731687 is divided by 11107.
105
Calculate the remainder when 94759 is divided by 47236.
287
What is the remainder when 1114942 is divided by 1114904?
38
What is the remainder when 109210 is divided by 5732?
302
What is the remainder when 91333122 is divided by 297?
276
What is the remainder when 27943363 is divided by 244?
239
Calculate the remainder when 303631 is divided by 3058.
889
Calculate the remainder when 52941 is divided by 464.
45
Calculate the remainder when 8264884 is divided by 3023.
2
Calculate the remainder when 54541 is divided by 227.
61
Calculate the remainder when 14703677 is divided by 1089.
1088
Calculate the remainder when 36417391 is divided by 96.
79
What is the remainder when 39978185 is divided by 60390?
5
What is the remainder when 303406856 is divided by 9?
8
Calculate the remainder when 28593 is divided by 1834.
1083
Calculate the remainder when 115874 is divided by 368.
322
What is the remainder when 2679351 is divided by 66?
15
Calculate the remainder when 296312 is divided by 148145.
22
What is the remainder when 8975987 is divided by 2998?
2973
Calculate the remainder when 349132 is divided by 4308.
184
Calculate the remainder when 37947 is divided by 1354.
35
Calculate the remainder when 47710825 is divided by 63.
43
Calculate the remainder when 2239715 is divided by 8204.
23
What is the remainder when 36292 is divided by 50?
42
Calculate the remainder when 3606775 is divided by 73.
64
Calculate the remainder when 13821 is divided by 1146.
69
Calculate the remainder when 15841919 is divided by 5280636.
11
What is the remainder when 780604 is divided by 438?
88
Calculate the remainder when 16371782 is divided by 968.
966
What is the remainder when 66143 is divided by 9442?
49
Calculate the remainder when 701336 is divided by 566.
62
Calculate the remainder when 51820 is divided by 2736.
2572
Calculate the remainder when 73679212 is divided by 974.
8
What is the remainder when 17202151 is divided by 37559?
129
What is the remainder when 1494801 is divided by 498238?
87
Calculate the remainder when 732523 is divided by 243815.
1078
What is the remainder when 272339219 is divided by 298?
297
What is the remainder when 468485 is divided by 1211?
1039
What is the remainder when 224438424 is divided by 32062632?
0
Calculate the remainder when 471681 is divided by 2184.
2121
What is the remainder when 234172 is divided by 413?
1
What is the remainder when 1601701 is divided by 32034?
1
What is the remainder when 24654244 is divided by 346?
14
What is the remainder when 10394505 is divided by 101?
90
What is the remainder when 116633840 is divided by 43?
38
What is the remainder when 65694450 is divided by 2232?
2226
What is the remainder when 1244946 is divided by 2327?
1
Calculate the remainder when 4425768 is divided by 7138.
208
Calculate the remainder when 22203 is divided by 1080.
603
Calculate the remainder when 22729055 is divided by 537.
530
Calculate the remainder when 170946397 is divided by 244.
241
What is the remainder when 8381050 is divided by 558736?
10
Calculate the remainder when 2025136 is divided by 99.
91
Calculate the remainder when 856857 is divided by 1339.
1236
Calculate the remainder when 513103 is divided by 256547.
9
Calculate the remainder when 12605998 is divided by 819.
769
Calculate the remainder when 3331764 is divided by 104117.
20
Calculate the remainder when 24199471 is divided by 766.
765
Calculate the remainder when 35640 is divided by 5091.
3
What is the remainder when 783607 is divided by 118?
87
Calculate the remainder when 625811709 is divided by 4490.
4489
Calculate the remainder when 71502998 is divided by 200.
198
Calculate the remainder when 100506 is divided by 19249.
4261
Calculate the remainder when 103757 is divided by 113.
23
Calculate the remainder when 4764014 is divided by 397000.
14
What is the remainder when 11145085 is divided by 1081?
1056
Calculate the remainder when 230201 is divided by 151.
77
What is the remainder when 688932 is divided by 344359?
214
What is the remainder when 27015 is divided by 2699?
25
Calculate the remainder when 3801618 is divided by 745.
628
What is the remainder when 5104963 is divided by 4558?
3
What is the remainder when 3696 is divided by 294?
168
What is the remainder when 131527 is divided by 856?
559
Calculate the remainder when 1655050 is divi